3993?
2
What is the thousands digit of 608414?
8
What is the ten thousands digit of 1674742?
7
What is the thousands digit of 258345?
8
What is the hundreds digit of 375325?
3
What is the tens digit of 282830?
3
What is the hundreds digit of 1667967?
9
What is the thousands digit of 45049?
5
What is the hundreds digit of 6048678?
6
What is the hundreds digit of 365973?
9
What is the hundreds digit of 226685?
6
What is the tens digit of 6412625?
2
What is the units digit of 127484?
4
What is the millions digit of 8649096?
8
What is the ten thousands digit of 860492?
6
What is the thousands digit of 771133?
1
What is the millions digit of 5767634?
5
What is the hundreds digit of 4434071?
0
What is the units digit of 12402154?
4
What is the tens digit of 3576254?
5
What is the ten thousands digit of 679200?
7
What is the tens digit of 560406?
0
What is the millions digit of 4811589?
4
What is the thousands digit of 156955?
6
What is the thousands digit of 2527657?
7
What is the millions digit of 3754767?
3
What is the thousands digit of 11183855?
3
What is the tens digit of 108758?
5
What is the hundreds digit of 7264775?
7
What is the millions digit of 2424622?
2
What is the hundreds digit of 692889?
8
What is the ten thousands digit of 904043?
0
What is the thousands digit of 507270?
7
What is the millions digit of 7212209?
7
What is the hundreds digit of 29976945?
9
What is the thousands digit of 659869?
9
What is the hundred thousands digit of 25635532?
6
What is the ten thousands digit of 2423475?
2
What is the ten thousands digit of 1379271?
7
What is the millions digit of 6446588?
6
What is the tens digit of 371310?
1
What is the units digit of 220161?
1
What is the ten thousands digit of 469563?
6
What is the units digit of 436358?
8
What is the thousands digit of 4624261?
4
What is the millions digit of 13173663?
3
What is the tens digit of 84385?
8
What is the hundreds digit of 302456?
4
What is the ten thousands digit of 15186351?
8
What is the millions digit of 6618400?
6
What is the hundred thousands digit of 417946?
4
What is the tens digit of 3274879?
7
What is the hundreds digit of 262675?
6
What is the units digit of 2128238?
8
What is the tens digit of 17895127?
2
What is the millions digit of 2569399?
2
What is the hundreds digit of 196939?
9
What is the hundreds digit of 978786?
7
What is the thousands digit of 1405568?
5
What is the tens digit of 600607?
0
What is the millions digit of 7953409?
7
What is the thousands digit of 16061?
6
What is the hundred thousands digit of 2518318?
5
What is the millions digit of 3521904?
3
What is the hundreds digit of 381709?
7
What is the units digit of 239809?
9
What is the hundreds digit of 10129463?
4
What is the hundreds digit of 21372852?
8
What is the units digit of 1936903?
3
What is the thousands digit of 87021?
7
What is the millions digit of 6256149?
6
What is the units digit of 620695?
5
What is the thousands digit of 46626?
6
What is the ten millions digit of 32270152?
3
What is the thousands digit of 16958050?
8
What is the units digit of 391840?
0
What is the units digit of 309211?
1
What is the thousands digit of 440752?
0
What is the thousands digit of 1377858?
7
What is the millions digit of 3433333?
3
What is the tens digit of 8986337?
3
What is the hundreds digit of 1140978?
9
What is the thousands digit of 2377434?
7
What is the units digit of 46708?
8
What is the hundreds digit of 91636?
6
What is the units digit of 8722308?
8
What is the tens digit of 607245?
4
What is the ten thousands digit of 15081?
1
What is the tens digit of 220251?
5
What is the units digit of 53755?
5
What is the ten thousands digit of 25855377?
5
What is the ten thousands digit of 1394746?
9
What is the hundreds digit of 8510083?
0
What is the hundreds digit of 95939?
9
What is the hundred thousands digit of 623979?
6
What is the units digit of 293316?
6
What is the hundreds digit of 1648147?
1
What is the hundred thousands digit of 3041310?
0
What is the tens digit of 2556609?
0
What is the units digit of 112133?
3
What is the units digit of 251498?
8
What is the millions digit of 1338855?
1
What is the hundreds digit of 226497?
4
What is the units digit of 302093?
3
What is the ten thousands digit of 179394?
7
What is the thousands digit of 658370?
8
What is the hundred thousands digit of 166708?
1
What is the units digit of 9920628?
8
What is the thousands digit of 594834?
4
What is the millions digit of 7161042?
7
What is the thousands digit of 43435?
3
What is the ten thousands digit of 32392?
3
What is the tens digit of 684762?
6
What is the millions digit of 10328307?
0
What is the thousands digit of 5177508?
7
What is the thousands digit of 1216999?
6
What is the tens digit of 6061560?
6
What is the ten millions digit of 23115262?
2
What is the ten thousands digit of 612913?
1
What is the tens digit of 1051512?
1
What is the units digit of 459288?
8
What is the tens digit of 1564583?
8
What is the millions digit of 4888629?
4
What is the hundred thousands digit of 381717?
3
What is the units digit of 140546?
6
What is the tens digit of 8521976?
7
What is the tens digit of 954877?
7
What is the units digit of 3239505?
5
What is the ten thousands digit of 2561462?
6
What is the tens digit of 12302203?
0
What is the tens digit of 86664?
6
What is the units digit of 2805565?
5
What is the units digit of 5711847?
7
What is the ten thousands digit of 72588?
7
What is the tens digit of 413805?
0
What is the thousands digit of 96258?
6
What is the units digit of 6184991?
1
What is the hundred thousands digit of 216377?
2
What is the tens digit of 324531?
3
What is the units digit of 379065?
5
What is the thousands digit of 11768921?
8
What is the hundreds digit of 86391?
3
What is the tens digit of 10073132?
3
What is the hundreds digit of 372618?
6
What is the hundreds digit of 18563947?
9
What is the thousands digit of 1026422?
6
What is the units digit of 87910?
0
What is the hundreds digit of 18076?
0
What is the units digit of 13198493?
3
What is the units digit of 274907?
7
What is the tens digit of 89614?
1
What is the ten thousands digit of 1255247?
5
What is the ten thousands digit of 3375236?
7
What is the tens digit of 35923?
2
What is the ten thousands digit of 7265883?
6
What is the hundred thousands digit of 661114?
6
What is the tens digit of 3156?
5
What is the thousands digit of 1698680?
8
What is the hundreds digit of 247912?
9
What is the units digit of 344885?
5
What is the hundreds digit of 434741?
7
What is the millions digit of 1721121?
1
What is the units digit of 486953?
3
What is the tens digit of 3197096?
9
What is the millions digit of 3787517?
3
What is the ten thousands digit of 1893924?
9
What is the thousands digit of 459284?
9
What is the tens digit of 2565425?
2
What is the tens digit of 11016?
1
What is the ten thousands digit of 678196?
7
What is the tens digit of 5014216?
1
What is the thousands digit of 279493?
9
What is the millions digit of 5850521?
5
What is the ten millions digit of 17261114?
1
What is the hundreds digit of 622683?
6
What is the hundred thousands digit of 299814?
2
What is the tens digit of 198173?
7
What is the hundred thousands digit of 13396428?
3
What is the units digit of 443200?
0
What is the hundred thousands digit of 7567066?
5
What is the ten thousands digit of 4212820?
1
What is the ten thousands digit of 101092?
0
What is the hundred thousands digit of 308415?
3
What is the hundreds digit of 64672?
6
What is the hundred thousands digit of 1056213?
0
What is the ten thousands digit of 248272?
4
What is the ten millions digit of 14185222?
1
What is the millions digit of 8572047?
8
What is the units digit of 94161?
1
What is the hundreds digit of 987?
9
What is the ten thousands digit of 3449906?
4
What is the tens digit of 9953366?
6
What is the tens digit of 275763?
6
What is the thousands digit of 208952?
8
What is the millions digit of 19958211?
9
What is the thousands digit of 188523?
8
What is the ten thousands digit of 6545166?
4
What is the millions digit of 9622053?
9
What is the hundreds digit of 420140?
1
What is the hundreds digit of 143203?
2
What is the units digit of 862941?
1
What is the millions digit of 